
9
Let x = -76 - -70. Let o be 24/16*-6*2/x. Suppose d - 3*z = -2*d + 42, -o*d = 4*z - 63. What is the units digit of d?
7
Let p(u) be the second derivative of u**4/12 + u**3/2 - 4*u**2 - 3*u. Let g = 6 + -11. What is the units digit of p(g)?
2
Suppose 6*m = 124256 - 27980. What is the hundreds digit of m?
0
Suppose 22042 + 1757 = 3*v - 3*g, 2*v - 4*g = 15872. What is the units digit of v?
0
Let b(y) = 24*y**2 + 2*y - 27. Suppose 3*j = x - 27, 35 = -5*j + 5*x - 20. What is the thousands digit of b(j)?
1
What is the thousands digit of 3*(3 - 6 - ((-54880)/7 + -4))?
3
Suppose j + 4*w - 84400 = 0, 0 = -5*j - 19*w + 24*w + 421775. What is the units digit of j?
4
Let k(z) = 8*z**2 - 5*z - 1. Let b = 4 + 0. Let y be k(b). Suppose 5*h - 243 = y. What is the tens digit of h?
7
Let u(k) = -4*k - 39. Let c be u(-14). Suppose c*j = 2830 + 4854. Suppose -2*r = 2*r - j. What is the units digit of r?
3
Suppose -5*r - 12 = 3. Let k be (-26)/r + -1 + 13/39. What is the units digit of (50 + -1 + k)*(-1 - -2)?
7
What is the tens digit of 13321/(-519)*(-50 - 1)?
0
Let a be 14/63 + (-75)/(-27). Suppose -a*c = -c - 58. What is the tens digit of -1*c/2*-4?
5
Suppose 3 = 5*z + 3*t, -7*t + 6*t - 13 = -3*z. Suppose -3*o + y = 136, z*o + 4*y + 131 = -0*o. Let j = 36 - o. What is the tens digit of j?
8
Let x = -1868 - -3228. What is the units digit of x?
0
Let b(k) = k**3 - 22*k**2 - 80*k - 71. What is the tens digit of b(28)?
9
Let p(b) = 7*b**3 - b - 2. Let h be p(-1). Let y(o) = o**3 + 8*o**2 - 2*o - 10. Let g be y(h). What is the tens digit of (-5 + 8)*268/g?
3
Let s(o) = 3*o**3 - 4*o**3 + 15*o**2 - 6*o**2 + 8*o**3 - 5*o + 13 - 12. What is the tens digit of s(5)?
7
Let t(g) = -14*g**3 + 2*g**2 - 2. Suppose 4 = -5*p + 4. Suppose p = 6*m - 5 + 17. What is the tens digit of t(m)?
1
Let y(p) be the second derivative of -p**3/6 - 5*p**2/2 - 21*p. Let n be y(-2). What is the tens digit of n + 4 - (42 + 0)*-2?
8
Let l be (-23)/(-3)*2 - (-46)/69. What is the hundreds digit of -1220*(104/l + -7)?
6
Let o(g) = -g**3 - 5*g**2 - 5*g + 7. Suppose 0 = 3*q + 9. Let h be o(q). Suppose 4*n - 5*l - 4 = 22, -h*n = -2*l - 32. What is the units digit of n?
9
Let d = 130684 - 68942. What is the ten thousands digit of d?
6
Let w(n) = 19*n - 1. Let y be w(3). Let u be (-424)/(-30) + 498/(-3735). Let j = u + y. What is the units digit of j?
0
Suppose 0 = -0*m + 11*m - 363. Suppose -2*r + 6*r = 0, z - m = -5*r. What is the tens digit of z?
3
Suppose 42537 = 46*n - 39734 - 27025. What is the thousands digit of n?
2
Let s = 71 + -71. Suppose s = -5*x, q = -3*q + 3*x + 56. Let l(n) = -n**3 + 14*n**2 + n + 20. What is the units digit of l(q)?
4
Suppose 8*p - 12 = 4. Suppose -2*l - 3*x = -p, 4 = 5*l - 3*l + 2*x. Suppose 0 = -3*m + l*i + 443, -m + 299 = m + i. What is the hundreds digit of m?
1
Let j = 27092 - 2899. What is the thousands digit of j?
4
Let k(z) = -4*z - 38. Suppose -12*m - 94 - 14 = 0. Let b be k(m). What is the units digit of (-9)/(-3) - -64 - b?
9
Suppose -2*i - 6 = 2*j, 5*j - 3*i - 3 = -10. Let n be (1187 - 14) + -1 + j. Suppose -10*w + 460 = -n. What is the tens digit of w?
6
Suppose -20 = -5*a + a. Suppose a*x + 20 = 15*x. Suppose -b + 94 = b + x*h, -h = -4*b + 198. What is the units digit of b?
9
Suppose 0*g + 3*n = -g + 2516, 3*n + 7536 = 3*g. Let h = 3748 - g. What is the thousands digit of h?
1
Suppose -4*u + 14129 = -855. Suppose -u - 6094 = -10*j. What is the hundreds digit of j?
9
Let x be (-1089142)/69*(-6)/4. Suppose 37*h - x = -515. What is the hundreds digit of h?
6
Let b(f) = -f**3 + f**2 - 4*f - 445. Let j be b(0). Let k = -311 - j. What is the tens digit of k?
3
What is the hundreds digit of 579/(((-18)/(-25))/6)?
8
What is the units digit of ((-66)/(-24))/(-7*(-4)/6160)?
5
Suppose -4*o = 4, -3*s = -0*s - 3*o + 6. Let q(y) = -90*y + 38. What is the hundreds digit of q(s)?
3
Let y be 15 - (3/12 - (-42)/(-8)). What is the tens digit of y/8*(-2 - 0)*-85?
2
Let j(t) be the second derivative of 5*t**4/6 + 3*t**3/2 + 5*t**2/2 + 2*t - 100. What is the hundreds digit of j(-7)?
4
Suppose -20*f + 25*f = 2*i - 1146, 10*i = -f + 5626. What is the units digit of i?
3
Let g = 316 - 809. Let u = -445 - -187. Let j = u - g. What is the units digit of j?
5
Suppose -4*s = 3*u - 4849, 9*s + 2*u - 2422 = 7*s. Let v = s + -178. What is the tens digit of v?
3
Suppose -10*y + 221*y = 8111895. What is the hundreds digit of y?
4
Suppose 487*h + 4611 = 488*h - 5*t, 4*h + 4*t = 18396. What is the thousands digit of h?
4
Let o(p) = -56*p - 6. Let f be o(9). Let l = 279 + f. What is the units digit of (-4)/(-2) + (1 - (l - -6))?
8
Suppose -18*b + 178051 = 57955. What is the tens digit of b?
7
Let i(x) be the first derivative of -x**4/4 - 7*x**3/3 - 5*x**2/2 + 11*x + 3. Suppose -1 = -2*a - 17. What is the tens digit of i(a)?
1
Let g(f) = 5*f**3 + 6*f**2 - 8*f - 20. What is the tens digit of g(6)?
2
Let u = 103283 - 71426. What is the thousands digit of u?
1
Let k(y) = 172*y**2 + 1537*y - 16826. What is the ten thousands digit of k(11)?
2
Let g(u) = 27866*u + 2620. What is the hundreds digit of g(1)?
4
Let l(s) = 21*s**3 + 4*s**2 + s - 10. Let x be l(4). Let c = -609 + x. What is the hundreds digit of c?
7
Suppose 0 = -2*c + 2*m - 8 - 4, -2*c - m = 21. Let z(h) = -5*h - 33. Let d be z(c). Let i = 31 - d. What is the units digit of i?
9
Let r(d) = 232*d - 10. Let y be r(-1). Let w = y - -579. What is the hundreds digit of w?
3
Suppose 3*g - 8*g - 5*l + 260 = 0, -3*l = 4*g - 211. Suppose 420 + 1736 = 98*j. Let o = g - j. What is the tens digit of o?
3
Let b = -66 + 66. Suppose -4*m + b*m + 16 = 0. Suppose m*c = -7 + 511. What is the hundreds digit of c?
1
Suppose -24*g + 7544 = -5296. Suppose m = -2*m + 99. Suppose 2*a - 2*x + m = g, -3*a + 5*x = -743. What is the tens digit of a?
5
Let p(y) = 17*y + 13. Let a be -5 + 52/10 - 12/10. Let g be p(a). Let v(i) = 8*i**2 - i + 11. What is the tens digit of v(g)?
4
Let j = 149 + -50. Suppose 3672 = -j*a + 116*a. What is the hundreds digit of a?
2
Suppose 12*n = 8*n. Suppose -4*y + 8 = n, 3*b + 0*y - 110 = -y. Suppose -35*g = -b*g + 137. What is the units digit of g?
7
Let z(k) = 3*k**3 - 18*k**2 - 49*k + 20. What is the tens digit of z(15)?
6
Let h(p) = 15*p + 6*p**2 - 37*p + 25 + 21*p. What is the tens digit of h(-7)?
2
What is the tens digit of 5988/2 + 220/(-20)?
8
Suppose 12*b = 7*b - 2*u - 1393, 0 = 2*u + 8. Let z = b - -582. What is the tens digit of z?
0
Suppose -4*d + 18798 = d - s, -d + 3750 = 3*s. Suppose -10*i = -3*i - d. What is the tens digit of i?
3
What is the tens digit of 18/96 - 208054/(-224)?
2
Let k(j) = 3*j**2 - 2*j + 14. Let a(d) = -16*d**2 + 9*d - 69. Let h(v) = -2*a(v) - 11*k(v). Let m be h(7). Let x = m - -62. What is the tens digit of x?
2
Suppose -4 = 4*z + 5*i + 15, -z - i - 4 = 0. Let b = 394 - 736. What is the hundreds digit of (b/1)/(2*z)?
1
Let k(y) = y**2 - 12*y + 11. Let o be k(11). Suppose -4*q - 214 + 646 = o. Suppose -r + q + 3 = 0. What is the tens digit of r?
1
Let x(y) = -y + 14. Let c be x(6). Let m be (-186)/(-24) - 6/c. Suppose t = 5*i - 7, 6 = 3*t + 2*i - m. What is the units digit of t?
3
Let r = -7785 + 9810. What is the thousands digit of r?
2
Suppose 0 = -5*t + m + 217324, 5*t - 74*m + 76*m = 217342. What is the units digit of t?
6
What is the ten thousands digit of (-1541)/2*(-2204)/38?
4
Suppose -2*s = 2*q - 62, -3*s + 6*s - 6 = 0. What is the units digit of 334 + q - (0 + 7)?
6
Suppose -6405 = -q - 2*m, -90*q - 4*m = -85*q - 32055. What is the tens digit of q?
1
Suppose -12*t - 24 = -12. Let h(d) be the second derivative of -d**5/4 - d**4/12 - d**3/2 - d**2/2 - 5*d. What is the units digit of h(t)?
6
Let b(j) be the third derivative of 27*j**6/40 - j**5/30 - j**4/8 + j**3/3 - 26*j**2. Let p be b(2). Suppose -5*u + p = -59. What is the units digit of u?
9
Let d be 15/20 + (-5371)/4. Let a = d - -2184. What is the units digit of a?
2
Let h be (1 - 5/5)/(-1) + 25527. What is the hundreds digit of 35/42 - h/(-18)?
4
Let o(z) = -z**3 - 8*z**2 - 3*z + 8. Let k be o(-11). Let i = -226 + k. Suppose 350 + i = 4*q. What is the units digit of q?
2
Suppose -20*p + 7011 + 2409 = 0. Let d = p - 188. What is the units digit of d?
3
Let a(x) = -x**3 + 7*x**2 + 11*x + 74. What is the units digit of a(-6)?
6
Let a(